 453 (base 6) in base 15?
bc
-8 (base 11) to base 4
-20
-25 (base 11) to base 4
-123
What is 343 (base 5) in base 14?
70
3 (base 15) to base 10
3
Convert 22 (base 4) to base 7.
13
-3 (base 8) to base 15
-3
-1 (base 10) to base 9
-1
-13 (base 9) to base 16
-c
12 (base 10) to base 16
c
Convert -12 (base 6) to base 11.
-8
What is 132 (base 14) in base 16?
f0
What is 0 (base 6) in base 2?
0
Convert -5 (base 15) to base 5.
-10
-14 (base 7) to base 12
-b
4 (base 11) to base 14
4
What is -5 (base 7) in base 5?
-10
332 (base 4) to base 7
116
What is -212 (base 3) in base 8?
-27
101 (base 5) to base 14
1c
3 (base 4) to base 9
3
Convert -29 (base 10) to base 3.
-1002
What is -4 (base 6) in base 9?
-4
What is -3 (base 16) in base 14?
-3
Convert 53 (base 7) to base 15.
28
What is -1002 (base 4) in base 5?
-231
6b (base 12) to base 7
146
What is 25 (base 11) in base 6?
43
-23 (base 4) to base 16
-b
232 (base 5) to base 13
52
What is -12a (base 11) in base 10?
-153
Convert -200 (base 3) to base 4.
-102
What is -10 (base 11) in base 13?
-b
-8 (base 12) to base 15
-8
Convert 8 (base 14) to base 12.
8
-4 (base 6) to base 4
-10
Convert -20 (base 5) to base 8.
-12
Convert -11110 (base 3) to base 8.
-170
14 (base 8) to base 14
c
-6 (base 8) to base 2
-110
-2 (base 14) to base 11
-2
-5c (base 16) to base 8
-134
Convert -19 (base 11) to base 9.
-22
Convert 1 (base 2) to base 10.
1
5 (base 12) to base 8
5
0 (base 15) to base 16
0
What is 2 (base 12) in base 2?
10
What is 1 (base 13) in base 7?
1
-12 (base 4) to base 6
-10
Convert -4 (base 5) to base 14.
-4
-251 (base 9) to base 14
-10c
What is -1 (base 10) in base 9?
-1
-1 (base 2) to base 5
-1
-57 (base 13) to base 9
-80
Convert 22 (base 6) to base 7.
20
Convert -2 (base 16) to base 4.
-2
Convert -64 (base 8) to base 16.
-34
1 (base 2) to base 12
1
Convert -2 (base 3) to base 8.
-2
Convert -230 (base 5) to base 15.
-45
Convert -2 (base 3) to base 6.
-2
Convert -1 (base 11) to base 8.
-1
Convert 203 (base 7) to base 10.
101
10 (base 15) to base 3
120
What is -1 (base 10) in base 14?
-1
What is -10 (base 13) in base 5?
-23
1010100 (base 2) to base 5
314
What is -465 (base 7) in base 6?
-1043
-3 (base 9) to base 14
-3
Convert -321 (base 4) to base 8.
-71
Convert 27 (base 11) to base 16.
1d
What is -5c (base 14) in base 15?
-57
13 (base 9) to base 6
20
Convert -3 (base 6) to base 11.
-3
453 (base 7) to base 13
150
Convert 8 (base 12) to base 15.
8
What is 1 (base 5) in base 14?
1
-1 (base 11) to base 3
-1
What is -b (base 13) in base 2?
-1011
What is -30 (base 13) in base 4?
-213
84 (base 15) to base 10
124
11 (base 11) to base 13
c
Convert -4 (base 16) to base 2.
-100
Convert 2 (base 12) to base 13.
2
Convert -10210 (base 3) to base 15.
-6c
What is -105 (base 10) in base 15?
-70
Convert -110 (base 5) to base 7.
-42
-10 (base 16) to base 15
-11
48 (base 11) to base 2
110100
What is -20 (base 6) in base 2?
-1100
-134 (base 7) to base 10
-74
Convert -1011111 (base 2) to base 7.
-164
What is -325 (base 8) in base 11?
-184
Convert -10a (base 14) to base 7.
-413
-a6 (base 12) to base 8
-176
Convert 24 (base 5) to base 13.
11
-7 (base 11) to base 13
-7
What is -5 (base 9) in base 13?
-5
Convert -1 (base 13) to base 5.
-1
What is 115 (base 7) in base 5?
221
-162 (base 7) to base 4
-1131
4 (base 11) to base 13
4
Convert -1 (base 16) to base 4.
-1
288 (base 10) to base 12
200
-121 (base 5) to base 16
-24
What is -15 (base 16) in base 6?
-33
11 (base 8) to base 14
9
Convert -3111 (base 4) to base 8.
-325
Convert 133 (base 4) to base 7.
43
-4b (base 12) to base 11
-54
Convert 3 (base 13) to base 11.
3
What is -21 (base 16) in base 3?
-1020
Convert -8 (base 11) to base 3.
-22
Convert 0 (base 8) to base 3.
0
101 (base 4) to base 13
14
What is -11020 (base 3) in base 9?
-136
-3 (base 13) to base 14
-3
232 (base 4) to base 9
51
Convert -3 (base 4) to base 5.
-3
30 (base 13) to base 2
100111
-13 (base 7) to base 16
-a
Convert -5d (base 15) to base 14.
-64
What is -20 (base 4) in base 6?
-12
Convert -112 (base 11) to base 14.
-98
What is 101 (base 2) in base 10?
5
What is -4 (base 7) in base 15?
-4
Convert 8b (base 13) to base 7.
223
What is -424 (base 7) in base 8?
-326
0 (base 16) to base 5
0
Convert -2 (base 8) to base 11.
-2
Convert 31 (base 5) to base 14.
12
Convert -201 (base 5) to base 14.
-39
Convert 1 (base 11) to base 9.
1
79 (base 10) to base 3
2221
Convert 0 (base 14) to base 2.
0
1 (base 14) to base 8
1
Convert 2 (base 9) to base 2.
10
-10 (base 11) to base 14
-b
Convert -17 (base 12) to base 2.
-10011
-243 (base 7) to base 14
-93
What is -54 (base 11) in base 15?
-3e
What is -3 (base 12) in base 5?
-3
What is -27 (base 14) in base 7?
-50
20100 (base 3) to base 4
2223
What is b (base 13) in base 10?
11
2 (base 14) to base 11
2
10 (base 3) to base 13
3
What is 4 (base 14) in base 6?
4
What is -6 (base 14) in base 12?
-6
-67 (base 8) to base 14
-3d
-10 (base 5) to base 9
-5
Convert 3 (base 8) to base 15.
3
-215 (base 6) to base 15
-58
Convert 1 (base 8) to base 13.
1
Convert 2 (base 6) to base 9.
2
Convert 1 (base 4) to base 8.
1
-422 (base 6) to base 7
-314
What is 49 (base 10) in base 12?
41
Convert -10102 (base 3) to base 6.
-232
2 (base 14) to base 5
2
Convert -10101 (base 2) to base 16.
-15
Convert 18 (base 9) to base 2.
10001
-3a (base 12) to base 10
-46
What is 3 (base 14) in base 8?
3
10 (base 5) to base 2
101
What is 1 (base 6) in base 7?
1
Convert 200 (base 4) to base 15.
22
4 (base 13) to base 7
4
What is 9 (base 11) in base 15?
9
Convert 2 (base 8) to base 14.
2
-12a (base 14) to base 13
-150
4 (base 8) to base 13
4
Convert 4 (base 6) to base 9.
4
Convert 6d (base 16) to base 5.
414
Convert c (base 16) to base 9.
13
What is -334 (base 7) in base 4?
-2230
Convert 153 (base 7) to base 13.
69
26 (base 11) to base 5
103
What is 26 (base 13) in base 10?
32
Convert 73 (base 11) to base 7.
143
Convert -6 (base 11) to base 12.
-6
0 (base 5) to base 10
0
What is 8 (base 15) in base 4?
20
What is -4 (base 8) in base 13?
-4
Convert 22 (base 3) to base 6.
12
What is -3 (base 10) in base 4?
-3
11 (base 3) to base 8
4
-246 (base 10) to base 5
-1441
Convert 102 (base 4) to base 11.
17
Convert 1 (base 4) to base 16.
1
Convert -1000011 (base 2) to base 16.
-43
Convert 30 (base 6) to base 12.
16
What is 5 (base 8) in base 14?
5
1001 (base 5) to base 2
1111110
-149 (base 13) to base 9
-275
Convert 7c (base 15) to base 4.
1311
-1 (base 8) to base 2
-1
Convert -1200 (base 4) to base 10.
-96
Convert -125 (base 6) to base 10.
-53
4 (base 7) to base 3
11
-10001 (base 2) to base 4
-101
Convert -17 (base 12) to base 8.
-23
114 (base 6) to base 13
37
Convert -8 (base 13) to base 7.
-11
-34 (base 5) to base 6
-31
What is 1 (base 16) in base 3?
1
What is 7 (base 14) in base 9?
7
What is -4 (base 10) in base 5?
-4
Convert 1100 (base 4) to base 15.
55
Convert 2e (base 16) to base 9.
51
45 (base 6) to base 7
41
Convert 466 (base 7) to base 4.
3310
What is -93 (base 15) in base 12?
-b6
3 (base 7) to base 4
3
What is -c (base 15) in base 10?
-12
What is 21 (base 5) in base 15?
b
What is 0 (base 5) in base 15?
0
8 (base 10) to base 11
8
Convert 5e (base 16) to base 13.
73
143 (base 6) to base 5
223
1e (base 16) to base 9
33
Convert 4 (base 11) to base 5.
4
Convert -11100 (base 3) to base 9.
-140
Convert b (base 13) to base 16.
b
What is 8 (base 16) in base 12?
8
What is -2 (base 10) in base 3?
-2
What is -2 (base 14) in base 8?
-2
What is -10 (base 16) in base 12?
-14
What is -100 (base 6) in base 8?
-44
Convert 60 (base 14) to base 8.
124
What is 171 (base 9) in base 3?
12101
What is 5 (base 16) in base 6?
5
What is -212 (base 3) in base 11?
-21
1200 (base 3) to base 16
2d
-6 (base 9) to base 15
-6
What is 200 (base 3) in base 4?
102
Convert 200 (base 3) to base 2.
10010
-3 (base 7) to base 13
-3
What is 4 (base 15) in base 3?
11
What is -121 (base 4) in base 9?
-27
20 (base 9) to base 6
30
Convert -500 (base 6) to base 3.
-20200
What is 1a (base 11) in base 16?
15
-10c (base 13) to base 8
-265
Convert 6d (base 15) to base 14.
75
Convert -2 (base 9) to base 12.
-2
What is -41 (base 6) in base 3?
-221
Convert -111 (base 3) to base 5.
-23
1110100 (base 2) to base 10
116
22 (base 3) to base 6
12
-1 (base 10) to base 6
-1
-1 (base 11) to base 10